3
What is the remainder when 2630 is divided by 28?
26
Calculate the remainder when 63 is divided by 44.
19
What is the remainder when 2190 is divided by 183?
177
What is the remainder when 331 is divided by 52?
19
What is the remainder when 24 is divided by 17?
7
Calculate the remainder when 18 is divided by 7.
4
Calculate the remainder when 394 is divided by 8.
2
Calculate the remainder when 443 is divided by 24.
11
What is the remainder when 17399 is divided by 25?
24
Calculate the remainder when 1303 is divided by 16.
7
Calculate the remainder when 218 is divided by 22.
20
What is the remainder when 383 is divided by 101?
80
Calculate the remainder when 83 is divided by 46.
37
What is the remainder when 256 is divided by 250?
6
Calculate the remainder when 141 is divided by 36.
33
Calculate the remainder when 727 is divided by 43.
39
What is the remainder when 864 is divided by 247?
123
What is the remainder when 2431 is divided by 58?
53
What is the remainder when 1305 is divided by 121?
95
Calculate the remainder when 331 is divided by 84.
79
What is the remainder when 15 is divided by 1?
0
What is the remainder when 354 is divided by 83?
22
What is the remainder when 613 is divided by 105?
88
Calculate the remainder when 113 is divided by 39.
35
What is the remainder when 19 is divided by 5?
4
Calculate the remainder when 1503 is divided by 27.
18
What is the remainder when 1018 is divided by 51?
49
Calculate the remainder when 528 is divided by 41.
36
Calculate the remainder when 31 is divided by 25.
6
What is the remainder when 129 is divided by 38?
15
What is the remainder when 459 is divided by 46?
45
What is the remainder when 39 is divided by 7?
4
Calculate the remainder when 62 is divided by 24.
14
What is the remainder when 230 is divided by 61?
47
What is the remainder when 604 is divided by 152?
148
What is the remainder when 11 is divided by 1?
0
Calculate the remainder when 530 is divided by 185.
160
Calculate the remainder when 9 is divided by 2.
1
What is the remainder when 234 is divided by 16?
10
Calculate the remainder when 159 is divided by 20.
19
What is the remainder when 198 is divided by 26?
16
Calculate the remainder when 24 is divided by 20.
4
What is the remainder when 10475 is divided by 13?
10
Calculate the remainder when 57 is divided by 11.
2
Calculate the remainder when 409 is divided by 32.
25
What is the remainder when 2893 is divided by 37?
7
What is the remainder when 4679 is divided by 60?
59
What is the remainder when 2807 is divided by 127?
13
Calculate the remainder when 404 is divided by 14.
12
What is the remainder when 521 is divided by 29?
28
Calculate the remainder when 335 is divided by 99.
38
What is the remainder when 6906 is divided by 144?
138
Calculate the remainder when 448 is divided by 50.
48
Calculate the remainder when 2851 is divided by 42.
37
Calculate the remainder when 5626 is divided by 42.
40
Calculate the remainder when 475 is divided by 68.
67
Calculate the remainder when 539 is divided by 235.
69
Calculate the remainder when 479 is divided by 62.
45
What is the remainder when 143 is divided by 30?
23
Calculate the remainder when 552 is divided by 31.
25
What is the remainder when 114 is divided by 28?
2
What is the remainder when 16261 is divided by 13?
11
What is the remainder when 50 is divided by 24?
2
What is the remainder when 1518 is divided by 42?
6
What is the remainder when 78 is divided by 21?
15
Calculate the remainder when 789 is divided by 36.
33
Calculate the remainder when 8687 is divided by 79.
76
What is the remainder when 375 is divided by 40?
15
What is the remainder when 198 is divided by 26?
16
What is the remainder when 334 is divided by 48?
46
Calculate the remainder when 3178 is divided by 35.
28
What is the remainder when 966 is divided by 51?
48
Calculate the remainder when 822 is divided by 64.
54
Calculate the remainder when 6942 is divided by 217.
215
Calculate the remainder when 967 is divided by 124.
99
What is the remainder when 524 is divided by 11?
7
Calculate the remainder when 77 is divided by 10.
7
What is the remainder when 151 is divided by 17?
15
What is the remainder when 284 is divided by 95?
94
Calculate the remainder when 263 is divided by 18.
11
What is the remainder when 417 is divided by 127?
36
Calculate the remainder when 1576 is divided by 3.
1
Calculate the remainder when 373 is divided by 27.
22
What is the remainder when 44 is divided by 32?
12
Calculate the remainder when 1679 is divided by 41.
39
Calculate the remainder when 68 is divided by 62.
6
Calculate the remainder when 2489 is divided by 2482.
7
What is the remainder when 4096 is divided by 100?
96
What is the remainder when 193 is divided by 25?
18
Calculate the remainder when 309 is divided by 45.
39
Calculate the remainder when 260 is divided by 93.
74
What is the remainder when 113 is divided by 23?
21
What is the remainder when 419 is divided by 85?
79
What is the remainder when 1496 is divided by 114?
14
What is the remainder when 1121 is divided by 222?
11
Calculate the remainder when 799 is divided by 80.
79
What is the remainder when 141 is divided by 131?
10
What is the remainder when 44 is divided by 24?
20
What is the remainder when 133 is divided by 45?
43
Calculate the remainder when 443 is divided by 113.
104
Calculate the remainder when 119 is divided by 4.
3
What is the remainder when 47 is divided by 31?
16
What is the remainder when 881 is divided by 218?
9
Calculate the remainder when 264 is divided by 38.
36
Calculate the remainder when 1714 is divided by 571.
1
Calculate the remainder when 8688 is divided by 164.
160
Calculate the remainder when 2240 is divided by 45.
35
Calculate the remainder when 8957 is divided by 56.
53
What is the remainder when 3106 is divided by 148?
146
What is the remainder when 252 is divided by 51?
48
Calculate the remainder when 780 is divided by 14.
10
What is the remainder when 956 is divided by 237?
8
Calculate the remainder when 2681 is divided by 3.
2
What is the remainder when 962 is divided by 479?
4
What is the remainder when 987 is divided by 486?
15
Calculate the remainder when 1122 is divided by 15.
12
What is the remainder when 5855 is divided by 254?
13
Calculate the remainder when 460 is divided by 68.
52
Calculate the remainder when 5039 is divided by 1672.
23
What is the remainder when 11092 is divided by 76?
72
Calculate the remainder when 35 is divided by 14.
7
Calculate the remainder when 474 is divided by 55.
34
Calculate the remainder when 10070 is divided by 4.
2
What is the remainder when 932 is divided by 842?
90
What is the remainder when 2017 is divided by 54?
19
What is the remainder when 188 is divided by 101?
87
What is the remainder when 2292 is divided by 2287?
5
Calculate the remainder when 3988 is divided by 70.
68
What is the remainder when 689 is divided by 226?
11
Calculate the remainder when 1154 is divided by 34.
32
Calculate the remainder when 274 is divided by 12.
10
Calculate the remainder when 431 is divided by 109.
104
Calculate the remainder when 625 is divided by 312.
1
Calculate the remainder when 76 is divided by 40.
36
What is the remainder when 5179 is divided by 90?
49
Calculate the remainder when 2034 is divided by 71.
46
Calculate the remainder when 123 is divided by 1.
0
What is the remainder when 13787 is divided by 14?
11
Calculate the remainder when 1094 is divided by 44.
38
What is the remainder when 297 is divided by 54?
27
Calculate the remainder when 581 is divided by 21.
14
What is the remainder when 342 is divided by 26?
4
What is the remainder when 3792 is divided by 52?
48
What is the remainder when 283 is divided by 67?
15
Calculate the remainder when 5268 is divided by 584.
12
Calculate the remainder when 359 is divided by 45.
44
Calculate the remainder when 188 is divided by 36.
8
What is the remainder when 661 is divided by 220?
1
What is the remainder when 4799 is divided by 64?
63
Calculate the remainder when 2167 is divided by 51.
25
What is the remainder when 1681 is divided by 9?
7
What is the remainder when 168 is divided by 25?
18
What is the remainder when 780 is divided by 71?
70
Calculate the remainder when 1582 is divided by 44.
4